7
What are the prime factors of 99895671?
3, 31, 37, 9677
List the prime factors of 142487739.
3, 257, 61603
What are the prime factors of 65601180?
2, 3, 5, 364451
List the prime factors of 269878086.
2, 3, 389, 38543
What are the prime factors of 2023006046?
2, 1011503023
What are the prime factors of 16457786?
2, 8228893
What are the prime factors of 485642212?
2, 11, 41, 24473
What are the prime factors of 109240954?
2, 67, 815231
What are the prime factors of 677842533?
3, 25105279
List the prime factors of 2361635663.
2361635663
What are the prime factors of 372894717?
3, 13, 9561403
What are the prime factors of 58197022?
2, 13, 2238347
List the prime factors of 55732748.
2, 2083, 6689
List the prime factors of 153518626.
2, 83, 924811
List the prime factors of 517575790.
2, 5, 51757579
What are the prime factors of 5254321016?
2, 7, 43, 2182027
List the prime factors of 749302578.
2, 3, 1249, 33329
List the prime factors of 2850887020.
2, 5, 6397, 22283
List the prime factors of 123822522.
2, 3, 53, 129793
What are the prime factors of 192817698?
2, 3, 251, 128033
List the prime factors of 27165685.
5, 5433137
List the prime factors of 29565192.
2, 3, 1231883
List the prime factors of 730265706.
2, 3, 83, 54311
What are the prime factors of 229964795?
5, 631, 72889
What are the prime factors of 819696492?
2, 3, 67, 339841
List the prime factors of 135822963.
3, 19, 2382859
List the prime factors of 97110753.
3, 521, 62131
List the prime factors of 6594051117.
3, 29, 83, 913177
What are the prime factors of 1710661153?
1710661153
What are the prime factors of 3881517008?
2, 242594813
What are the prime factors of 197624475?
3, 5, 292777
What are the prime factors of 52072763?
52072763
List the prime factors of 518992121.
518992121
List the prime factors of 2760934835.
5, 23, 719, 33391
What are the prime factors of 159034846?
2, 359, 221497
List the prime factors of 136656685.
5, 11, 23, 59, 1831
List the prime factors of 1212743264.
2, 23, 41, 40189
List the prime factors of 36662840.
2, 5, 916571
List the prime factors of 85276159.
181, 471139
List the prime factors of 3139756.
2, 784939
List the prime factors of 267769631.
79, 3389489
List the prime factors of 217891557.
3, 13, 37, 50333
List the prime factors of 21556924.
2, 5389231
List the prime factors of 266799726.
2, 3, 61, 193, 1259
List the prime factors of 327709966.
2, 41, 43, 92941
List the prime factors of 78871406.
2, 503, 78401
What are the prime factors of 15466079?
67, 359, 643
What are the prime factors of 79418362?
2, 97, 179, 2287
What are the prime factors of 3675061924?
2, 918765481
What are the prime factors of 81146047?
23, 3528089
List the prime factors of 9976460.
2, 5, 13, 38371
List the prime factors of 470847645.
3, 5, 19, 47, 11717
List the prime factors of 45127413.
3, 19, 31, 8513
What are the prime factors of 2381202592?
2, 41, 431, 4211
List the prime factors of 606238642.
2, 7057, 42953
List the prime factors of 1424010230.
2, 5, 47, 61, 49669
What are the prime factors of 9998816?
2, 271, 1153
List the prime factors of 3444490359.
3, 389, 327953
What are the prime factors of 2711714869?
28759, 94291
List the prime factors of 100824295.
5, 11, 13, 23, 6131
What are the prime factors of 141797209?
19, 37, 401, 503
What are the prime factors of 44783393?
653, 68581
List the prime factors of 375714761.
31, 37, 67, 4889
What are the prime factors of 821909237?
821909237
What are the prime factors of 95296439?
7, 2393, 5689
List the prime factors of 211190383.
29, 31, 234917
List the prime factors of 302733159.
3, 701, 143953
What are the prime factors of 2749012?
2, 7, 98179
What are the prime factors of 6906048443?
7, 11159, 88411
List the prime factors of 80144897.
7, 11449271
List the prime factors of 218625018.
2, 3, 149, 244547
List the prime factors of 7743499.
607, 12757
What are the prime factors of 4808839738?
2, 197, 12205177
What are the prime factors of 392912016?
2, 3, 7, 1169381
List the prime factors of 144167654.
2, 1439, 50093
What are the prime factors of 3456642829?
911, 3794339
What are the prime factors of 894494669?
6763, 132263
What are the prime factors of 76839278?
2, 547, 70237
List the prime factors of 29128532.
2, 41, 47, 3779
List the prime factors of 198009610.
2, 5, 19800961
What are the prime factors of 2070075623?
7, 11, 31, 78839
What are the prime factors of 6175683541?
6175683541
What are the prime factors of 3721979651?
13, 286306127
What are the prime factors of 2408591245?
5, 481718249
List the prime factors of 341115040.
2, 5, 7, 151, 2017
What are the prime factors of 232460572?
2, 58115143
What are the prime factors of 56174779?
709, 79231
What are the prime factors of 5773663472?
2, 4241, 85087
List the prime factors of 4185448143.
3, 613, 2275937
What are the prime factors of 2494066127?
7, 859, 414779
What are the prime factors of 27880786?
2, 13940393
List the prime factors of 13312964.
2, 7, 53, 8971
List the prime factors of 66985789.
13, 5152753
List the prime factors of 35876779.
59, 107, 5683
List the prime factors of 210784714.
2, 7, 15056051
List the prime factors of 303268028.
2, 7, 10831001
List the prime factors of 36155115.
3, 5, 803447
What are the prime factors of 1563115018?
2, 197, 3967297
What are the prime factors of 2049606992?
2, 128100437
What are the prime factors of 16671919?
11, 193, 7853
List the prime factors of 61624914.
2, 3, 13, 790063
List the prime factors of 24079831.
29, 830339
List the prime factors of 328862246.
2, 17, 9672419
List the prime factors of 46772105.
5, 229, 40849
List the prime factors of 20281664.
2, 13, 19, 1283
List the prime factors of 190969307.
79, 397, 6089
What are the prime factors of 31489374?
2, 3, 7, 749747
What are the prime factors of 2221903884?
2, 3, 185158657
List the prime factors of 1559679773.
17, 91745869
List the prime factors of 22190598.
2, 3, 136979
List the prime factors of 413371696.
2, 37, 698263
What are the prime factors of 448374057?
3, 179, 834961
What are the prime factors of 407441149?
19, 41, 523031
What are the prime factors of 57052897?
11, 5186627
List the prime factors of 115545186.
2, 3, 271, 23687
What are the prime factors of 1755955480?
2, 5, 43898887
List the prime factors of 15874438.
2, 47, 97, 1741
List the prime factors of 1274247150.
2, 3, 5, 11, 23, 33577
List the prime factors of 4394360.
2, 5, 109859
What are the prime factors of 118180941?
3, 73, 539639
What are the prime factors of 105762861?
3, 1669, 2347
What are the prime factors of 562123973?
562123973
What are the prime factors of 846251206?
2, 31, 13649213
List the prime factors of 231748546.
2, 115874273
What are the prime factors of 772638087?
3, 13, 1523941
What are the prime factors of 32942600?
2, 5, 17, 9689
List the prime factors of 247624691.
247624691
List the prime factors of 1449326933.
881, 1645093
List the prime factors of 2137156927.
229, 9332563
List the prime factors of 427545061.
229, 1867009
What are the prime factors of 319015483?
331, 963793
What are the prime factors of 196162723?
196162723
List the prime factors of 602522634.
2, 3, 7, 31, 41, 11287
List the prime factors of 204312519.
3, 23, 761, 1297
What are the prime factors of 133040462?
2, 223, 317, 941
What are the prime factors of 123316053?
3, 7, 73, 257, 313
What are the prime factors of 313392121?
7, 44770303
List the prime factors of 299953929.
3, 11, 9089513
List the prime factors of 330599088.
2, 3, 19, 120833
What are the prime factors of 9031888541?
13, 97, 631, 11351
List the prime factors of 662639377.
662639377
List the prime factors of 15576854.
2, 7788427
What are the prime factors of 118440625?
5, 151, 251
What are the prime factors of 162755794?
2, 81377897
List the prime factors of 6317267415.
3, 5, 47, 1187, 7549
What are the prime factors of 543447728?
2, 19, 367, 4871
List the prime factors of 363182162.
2, 7, 97, 267439
List the prime factors of 136923939.
3, 37, 97, 157
What are the prime factors of 3888710?
2, 5, 7, 73, 761
What are the prime factors of 185043443?
13, 3547, 4013
What are the prime factors of 52019982?
2, 3, 7, 1699
List the prime factors of 3702286426.
2, 23671, 78203
List the prime factors of 56455011.
3, 17, 71, 5197
List the prim